tor of 10 and 1510.
10
Calculate the highest common divisor of 145 and 9280.
145
What is the greatest common divisor of 115 and 215?
5
What is the highest common divisor of 5 and 1565?
5
What is the greatest common divisor of 5984 and 221?
17
What is the highest common factor of 612 and 68?
68
Calculate the highest common divisor of 420 and 135.
15
What is the highest common factor of 1378 and 424?
106
Calculate the greatest common divisor of 15 and 15.
15
Calculate the highest common divisor of 88 and 40.
8
Calculate the highest common divisor of 18 and 306.
18
What is the highest common divisor of 3 and 5703?
3
Calculate the greatest common divisor of 366 and 6.
6
What is the highest common divisor of 100 and 725?
25
What is the highest common factor of 15 and 555?
15
Calculate the highest common factor of 434 and 3534.
62
Calculate the greatest common factor of 1488 and 93.
93
What is the highest common factor of 3201 and 194?
97
Calculate the greatest common divisor of 3310 and 30.
10
Calculate the highest common factor of 169 and 26.
13
What is the highest common divisor of 84 and 182?
14
Calculate the greatest common divisor of 11 and 11.
11
Calculate the greatest common factor of 175 and 7.
7
What is the highest common divisor of 416 and 26?
26
Calculate the greatest common factor of 2318 and 418.
38
What is the highest common factor of 3658 and 124?
62
What is the highest common factor of 77 and 649?
11
Calculate the highest common factor of 112 and 14.
14
Calculate the greatest common divisor of 79 and 2291.
79
Calculate the highest common factor of 54 and 567.
27
What is the highest common factor of 1131 and 117?
39
What is the highest common factor of 42 and 2388?
6
What is the greatest common factor of 37163 and 14?
7
Calculate the highest common factor of 48 and 16.
16
Calculate the greatest common factor of 27 and 7191.
9
Calculate the greatest common factor of 539 and 343.
49
Calculate the highest common factor of 221 and 34.
17
What is the highest common divisor of 2 and 341?
1
Calculate the highest common divisor of 34 and 2.
2
Calculate the highest common factor of 616 and 66.
22
What is the greatest common divisor of 8 and 722?
2
What is the greatest common factor of 288 and 27?
9
What is the greatest common divisor of 29 and 37033?
29
Calculate the highest common divisor of 21 and 343.
7
What is the greatest common factor of 266 and 1558?
38
What is the highest common factor of 21 and 8617?
7
Calculate the highest common divisor of 288 and 972.
36
Calculate the highest common factor of 10 and 185.
5
What is the highest common divisor of 44 and 220?
44
What is the greatest common factor of 24 and 16392?
24
What is the greatest common divisor of 918 and 54?
54
Calculate the greatest common divisor of 2139 and 1173.
69
What is the highest common divisor of 8 and 20?
4
What is the highest common divisor of 6522 and 2?
2
What is the greatest common divisor of 640 and 4400?
80
What is the greatest common divisor of 2 and 115?
1
What is the greatest common divisor of 57 and 29526?
57
Calculate the highest common divisor of 12 and 5988.
12
Calculate the highest common factor of 1554 and 1050.
42
What is the greatest common divisor of 143 and 26?
13
Calculate the highest common divisor of 1728 and 1998.
54
What is the greatest common divisor of 66 and 616?
22
What is the greatest common factor of 32 and 1136?
16
What is the greatest common divisor of 407 and 154?
11
Calculate the highest common divisor of 56 and 2072.
56
Calculate the highest common factor of 57 and 95.
19
What is the greatest common divisor of 411 and 1096?
137
What is the highest common factor of 60 and 16710?
30
What is the highest common factor of 15062 and 136?
34
Calculate the greatest common factor of 1472 and 8.
8
Calculate the highest common factor of 39427 and 356.
89
What is the greatest common factor of 3212 and 33?
11
What is the greatest common factor of 6120 and 9?
9
Calculate the highest common divisor of 104 and 91.
13
What is the greatest common divisor of 2415 and 840?
105
Calculate the highest common factor of 18 and 9.
9
What is the highest common divisor of 42 and 189?
21
What is the highest common factor of 389 and 16?
1
What is the highest common divisor of 4 and 9?
1
What is the highest common divisor of 81 and 1323?
27
What is the highest common factor of 11526 and 17?
17
What is the highest common factor of 192 and 64?
64
Calculate the greatest common divisor of 245 and 133.
7
Calculate the highest common factor of 190 and 130.
10
What is the greatest common factor of 116 and 986?
58
What is the highest common divisor of 671 and 11?
11
What is the greatest common divisor of 57636 and 36?
36
Calculate the greatest common factor of 1045 and 990.
55
Calculate the greatest common factor of 46 and 253.
23
Calculate the greatest common divisor of 45 and 165.
15
Calculate the highest common divisor of 12690 and 405.
135
What is the highest common divisor of 399 and 114?
57
Calculate the highest common divisor of 54 and 297.
27
Calculate the highest common factor of 7 and 13069.
7
What is the greatest common factor of 344 and 16?
8
What is the highest common divisor of 286 and 208?
26
What is the highest common factor of 63 and 84?
21
Calculate the greatest common divisor of 5145 and 30.
15
What is the highest common factor of 27 and 192?
3
Calculate the greatest common divisor of 8567 and 13.
13
What is the highest common divisor of 19 and 209?
19
What is the highest common divisor of 4770 and 20?
10
Calculate the highest common factor of 1950 and 429.
39
What is the greatest common factor of 2645 and 69?
23
Calculate the highest common divisor of 1088 and 51.
17
What is the greatest common divisor of 1726 and 6?
2
What is the greatest common divisor of 22 and 4972?
22
What is the highest common factor of 5204 and 4?
4
Calculate the highest common factor of 315 and 819.
63
What is the greatest common divisor of 120 and 48?
24
Calculate the highest common divisor of 312 and 12.
12
What is the greatest common divisor of 328 and 24764?
164
What is the highest common divisor of 800 and 24?
8
Calculate the greatest common divisor of 7 and 217.
7
What is the highest common factor of 8 and 12?
4
What is the highest common factor of 2 and 26?
2
Calculate the highest common divisor of 150 and 12.
6
What is the highest common divisor of 190 and 304?
38
Calculate the highest common factor of 851 and 115.
23
Calculate the greatest common factor of 18 and 14.
2
Calculate the highest common divisor of 295 and 20.
5
Calculate the greatest common factor of 553 and 35.
7
What is the greatest common factor of 75 and 1875?
75
What is the greatest common factor of 175 and 225?
25
Calculate the greatest common factor of 1968 and 32.
16
Calculate the greatest common factor of 30 and 650.
10
What is the highest common divisor of 9 and 855?
9
What is the greatest common factor of 885 and 45?
15
What is the highest common divisor of 51 and 34?
17
What is the highest common divisor of 6710 and 550?
110
What is the highest common divisor of 14 and 133?
7
Calculate the highest common divisor of 332 and 8.
4
Calculate the highest common divisor of 3010 and 100.
10
Calculate the greatest common divisor of 88 and 4952.
8
What is the highest common divisor of 42 and 98?
14
Calculate the highest common factor of 1763 and 129.
43
What is the highest common factor of 2010 and 67?
67
Calculate the highest common divisor of 111 and 1443.
111
Calculate the greatest common factor of 81 and 36.
9
What is the greatest common factor of 14769 and 18?
9
What is the highest common divisor of 6 and 147?
3
Calculate the highest common factor of 1220 and 20.
20
What is the greatest common divisor of 376 and 4042?
94
Calculate the highest common factor of 26 and 637.
13
What is the greatest common factor of 8 and 52?
4
Calculate the greatest common factor of 152 and 57.
19
Calculate the highest common factor of 36 and 828.
36
Calculate the highest common divisor of 9705 and 75.
15
Calculate the highest common factor of 384 and 8256.
192
What is the highest common factor of 120 and 70?
10
Calculate the greatest common divisor of 1463 and 7.
7
Calculate the highest common divisor of 152 and 